inder when 1561 is divided by 46.
43
Calculate the remainder when 10615 is divided by 15.
10
What is the remainder when 1188 is divided by 53?
22
What is the remainder when 71 is divided by 1?
0
What is the remainder when 143 is divided by 50?
43
What is the remainder when 227 is divided by 5?
2
What is the remainder when 30 is divided by 22?
8
What is the remainder when 249 is divided by 59?
13
Calculate the remainder when 200 is divided by 56.
32
What is the remainder when 23 is divided by 8?
7
Calculate the remainder when 66 is divided by 26.
14
What is the remainder when 985 is divided by 47?
45
What is the remainder when 1049 is divided by 96?
89
What is the remainder when 354 is divided by 21?
18
What is the remainder when 208 is divided by 5?
3
Calculate the remainder when 2185 is divided by 8.
1
What is the remainder when 1099 is divided by 50?
49
What is the remainder when 292 is divided by 42?
40
Calculate the remainder when 4471 is divided by 26.
25
What is the remainder when 83 is divided by 17?
15
What is the remainder when 3803 is divided by 200?
3
Calculate the remainder when 102 is divided by 27.
21
What is the remainder when 767 is divided by 64?
63
What is the remainder when 444 is divided by 24?
12
Calculate the remainder when 41 is divided by 11.
8
What is the remainder when 22 is divided by 12?
10
Calculate the remainder when 20 is divided by 6.
2
Calculate the remainder when 1011 is divided by 85.
76
Calculate the remainder when 1114 is divided by 188.
174
Calculate the remainder when 330 is divided by 60.
30
Calculate the remainder when 15036 is divided by 47.
43
Calculate the remainder when 240 is divided by 66.
42
Calculate the remainder when 121 is divided by 47.
27
Calculate the remainder when 240 is divided by 118.
4
What is the remainder when 159 is divided by 14?
5
What is the remainder when 2018 is divided by 184?
178
Calculate the remainder when 8292 is divided by 22.
20
What is the remainder when 2308 is divided by 66?
64
Calculate the remainder when 176 is divided by 26.
20
Calculate the remainder when 316 is divided by 10.
6
What is the remainder when 56 is divided by 30?
26
What is the remainder when 336 is divided by 317?
19
Calculate the remainder when 91 is divided by 40.
11
Calculate the remainder when 90 is divided by 33.
24
Calculate the remainder when 759 is divided by 307.
145
Calculate the remainder when 82 is divided by 21.
19
What is the remainder when 486 is divided by 14?
10
What is the remainder when 174 is divided by 35?
34
What is the remainder when 27424 is divided by 42?
40
What is the remainder when 161 is divided by 28?
21
Calculate the remainder when 920 is divided by 78.
62
What is the remainder when 136 is divided by 71?
65
Calculate the remainder when 3415 is divided by 17.
15
What is the remainder when 73 is divided by 37?
36
What is the remainder when 155 is divided by 142?
13
Calculate the remainder when 189 is divided by 24.
21
What is the remainder when 4 is divided by 2?
0
What is the remainder when 1227 is divided by 408?
3
What is the remainder when 1051 is divided by 11?
6
What is the remainder when 394 is divided by 44?
42
Calculate the remainder when 337 is divided by 24.
1
What is the remainder when 7390 is divided by 7376?
14
What is the remainder when 846 is divided by 2?
0
What is the remainder when 134 is divided by 22?
2
Calculate the remainder when 32 is divided by 13.
6
Calculate the remainder when 942 is divided by 43.
39
Calculate the remainder when 526 is divided by 48.
46
What is the remainder when 211 is divided by 113?
98
Calculate the remainder when 15733 is divided by 28.
25
What is the remainder when 290 is divided by 96?
2
Calculate the remainder when 1791 is divided by 74.
15
Calculate the remainder when 452 is divided by 44.
12
Calculate the remainder when 143 is divided by 110.
33
What is the remainder when 625 is divided by 34?
13
What is the remainder when 11171 is divided by 294?
293
What is the remainder when 153 is divided by 22?
21
Calculate the remainder when 113 is divided by 8.
1
Calculate the remainder when 51 is divided by 8.
3
Calculate the remainder when 5836 is divided by 254.
248
What is the remainder when 117 is divided by 3?
0
Calculate the remainder when 2098 is divided by 45.
28
What is the remainder when 305 is divided by 78?
71
Calculate the remainder when 181 is divided by 27.
19
What is the remainder when 94 is divided by 16?
14
Calculate the remainder when 4678 is divided by 31.
28
What is the remainder when 77 is divided by 44?
33
What is the remainder when 235 is divided by 119?
116
What is the remainder when 74 is divided by 69?
5
Calculate the remainder when 307 is divided by 44.
43
Calculate the remainder when 1679 is divided by 40.
39
Calculate the remainder when 699 is divided by 26.
23
Calculate the remainder when 816 is divided by 39.
36
What is the remainder when 477 is divided by 226?
25
What is the remainder when 144 is divided by 7?
4
Calculate the remainder when 376 is divided by 63.
61
Calculate the remainder when 161 is divided by 33.
29
Calculate the remainder when 820 is divided by 99.
28
Calculate the remainder when 91 is divided by 16.
11
What is the remainder when 2144 is divided by 1070?
4
What is the remainder when 273 is divided by 46?
43
What is the remainder when 18813 is divided by 49?
46
What is the remainder when 4338 is divided by 124?
122
Calculate the remainder when 54155 is divided by 6.
5
Calculate the remainder when 51 is divided by 15.
6
What is the remainder when 128 is divided by 22?
18
What is the remainder when 930 is divided by 228?
18
What is the remainder when 329 is divided by 5?
4
Calculate the remainder when 1362 is divided by 1327.
35
Calculate the remainder when 195 is divided by 53.
36
What is the remainder when 176 is divided by 72?
32
What is the remainder when 60 is divided by 11?
5
What is the remainder when 145 is divided by 78?
67
Calculate the remainder when 15826 is divided by 133.
132
Calculate the remainder when 40556 is divided by 338.
334
What is the remainder when 1296 is divided by 430?
6
Calculate the remainder when 2861 is divided by 159.
158
Calculate the remainder when 2749 is divided by 1372.
5
Calculate the remainder when 378 is divided by 50.
28
What is the remainder when 320 is divided by 13?
8
What is the remainder when 377 is divided by 192?
185
What is the remainder when 124 is divided by 21?
19
What is the remainder when 11445 is divided by 97?
96
Calculate the remainder when 13 is divided by 3.
1
Calculate the remainder when 352 is divided by 123.
106
What is the remainder when 257 is divided by 10?
7
What is the remainder when 3 is divided by 1?
0
What is the remainder when 1109 is divided by 26?
17
What is the remainder when 126 is divided by 65?
61
Calculate the remainder when 231 is divided by 8.
7
What is the remainder when 246 is divided by 8?
6
What is the remainder when 2446 is divided by 136?
134
What is the remainder when 282 is divided by 278?
4
Calculate the remainder when 117 is divided by 65.
52
Calculate the remainder when 4411 is divided by 1451.
58
What is the remainder when 36584 is divided by 11?
9
Calculate the remainder when 103 is divided by 43.
17
What is the remainder when 449 is divided by 156?
137
What is the remainder when 361 is divided by 355?
6
Calculate the remainder when 2934 is divided by 20.
14
What is the remainder when 131 is divided by 9?
5
Calculate the remainder when 224 is divided by 10.
4
Calculate the remainder when 2141 is divided by 5.
1
Calculate the remainder when 693 is divided by 90.
63
What is the remainder when 16378 is divided by 52?
50
What is the remainder when 178 is divided by 26?
22
What is the remainder when 904 is divided by 299?
7
What is the remainder when 3319 is divided by 184?
7
Calculate the remainder when 219 is divided by 17.
15
What is the remainder when 304 is divided by 77?
73
Calculate the remainder when 482 is divided by 18.
14
What is the remainder when 1141 is divided by 52?
49
What is the remainder when 3275 is divided by 80?
75
Calculate the remainder when 27 is divided by 15.
12
Calculate the remainder when 349 is divided by 17.
9
Calculate the remainder when 146 is divided b